{"id":44,"date":"2022-09-29T20:43:24","date_gmt":"2022-09-29T23:43:24","guid":{"rendered":"https:\/\/legiaodemaria.org.br\/?page_id=44"},"modified":"2022-11-20T15:11:07","modified_gmt":"2022-11-20T18:11:07","slug":"__trashed-4__trashed","status":"publish","type":"page","link":"https:\/\/legiaodemaria.org.br\/index.php\/__trashed-4__trashed\/","title":{"rendered":"Sinais de Santidades"},"content":{"rendered":"\n<p class=\"wp-block-paragraph\">A Legi\u00e3o de Maria est\u00e1 presente no mundo todo gra\u00e7as a sua Santa funda\u00e7\u00e3o, alicer\u00e7ada em ora\u00e7\u00e3o e confiante da intercess\u00e3o de Maria, e aos mission\u00e1rios que foram enviados para v\u00e1rios pa\u00edses levando Cristo e a Legi\u00e3o ao mundo.<\/p>\n\n\n\n<p class=\"wp-block-paragraph\">A Legi\u00e3o reza pela beatifica\u00e7\u00e3o de 3 legion\u00e1rios que s\u00e3o exemplos de entrega e servi\u00e7o a Deus.<\/p>\n\n\n\n<p class=\"wp-block-paragraph\">Clique sobre as fotos abaixo para conhecer mais sobre a hist\u00f3ria de cada um deles.<\/p>\n\n\n\n<div class=\"wp-block-columns is-layout-flex wp-container-core-columns-is-layout-8f761849 wp-block-columns-is-layout-flex\">\n<div class=\"wp-block-column is-layout-flow wp-block-column-is-layout-flow\"><div class=\"wp-block-image\">\n<figure class=\"aligncenter size-full\"><a href=\"https:\/\/legiaodemaria.org.br\/?p=56\" target=\"_blank\" rel=\"noreferrer noopener\"><img data-recalc-dims=\"1\" loading=\"lazy\" decoding=\"async\" width=\"204\" height=\"267\" src=\"https:\/\/i0.wp.com\/legiaodemaria.org.br\/wp-content\/uploads\/2022\/09\/92942b_36cec45e849f43f5ba4904570cb2de8b.webp?resize=204%2C267&#038;ssl=1\" alt=\"\" class=\"wp-image-75\"\/><\/a><figcaption class=\"wp-element-caption\"><a href=\"https:\/\/legiaodemaria.org.br\/?p=56\"><strong>Frank Duff<\/strong><br>&nbsp;Fundador da Legi\u00e3o<\/a><\/figcaption><\/figure>\n<\/div><\/div>\n\n\n\n<div class=\"wp-block-column is-layout-flow wp-block-column-is-layout-flow\"><div class=\"wp-block-image\">\n<figure class=\"aligncenter size-full is-resized\"><a href=\"https:\/\/legiaodemaria.org.br\/?p=123\"><img data-recalc-dims=\"1\" loading=\"lazy\" decoding=\"async\" src=\"https:\/\/i0.wp.com\/legiaodemaria.org.br\/wp-content\/uploads\/2022\/09\/92942b_1b7d2ef768294905b00fae6f5efdc9ae.webp?resize=216%2C272&#038;ssl=1\" alt=\"\" class=\"wp-image-76\" width=\"216\" height=\"272\"\/><\/a><figcaption class=\"wp-element-caption\"><a href=\"https:\/\/legiaodemaria.org.br\/?p=123\" data-type=\"URL\" data-id=\"https:\/\/legiaodemaria.org.br\/?p=123\" target=\"_blank\" rel=\"noreferrer noopener\"><strong>Edel Quinn<\/strong><br>Mission\u00e1ria na \u00c1frica<\/a><\/figcaption><\/figure>\n<\/div><\/div>\n\n\n\n<div class=\"wp-block-column is-layout-flow wp-block-column-is-layout-flow\"><div class=\"wp-block-image\">\n<figure class=\"aligncenter size-full\"><a href=\"https:\/\/legiaodemaria.org.br\/?p=127\"><img data-recalc-dims=\"1\" loading=\"lazy\" decoding=\"async\" width=\"222\" height=\"268\" src=\"https:\/\/i0.wp.com\/legiaodemaria.org.br\/wp-content\/uploads\/2022\/09\/92942b_da8b0b5197904e55ac15a6116d56aff7.webp?resize=222%2C268&#038;ssl=1\" alt=\"\" class=\"wp-image-77\"\/><\/a><figcaption class=\"wp-element-caption\"><a href=\"https:\/\/legiaodemaria.org.br\/?p=127\"><strong>Alphonsus Lambe<\/strong><br>Mission\u00e1rio&nbsp;na Am\u00e9rica<\/a><\/figcaption><\/figure>\n<\/div><\/div>\n<\/div>\n\n\n\n<p class=\"has-text-align-right wp-block-paragraph\">Texto: Vinicius Carvalho<\/p>\n","protected":false},"excerpt":{"rendered":"<p>A Legi\u00e3o de Maria est\u00e1 presente no mundo todo gra\u00e7as a sua Santa funda\u00e7\u00e3o, alicer\u00e7ada em ora\u00e7\u00e3o e confiante da [&#8230;]<\/p>\n","protected":false},"author":3,"featured_media":0,"parent":0,"menu_order":0,"comment_status":"closed","ping_status":"closed","template":"","meta":{"_crdt_document":"","footnotes":""},"class_list":["post-44","page","type-page","status-publish","hentry"],"jetpack-related-posts":[{"id":45,"url":"https:\/\/legiaodemaria.org.br\/index.php\/__trashed-5__trashed\/","url_meta":{"origin":44,"position":0},"title":"Not\u00edcias","author":"Alex Silva","date":"setembro 29, 2022","format":false,"excerpt":"Mensagem Padre F\u00e1bio Silveira - Maio 2021 Uma Romaria na Pandemia Homenagem \u00e0 Irm\u00e3 Z\u00e9lia Rainha COMUNICADO SOBRE COVID-19 Chamada - Caminhada da Legi\u00e3o de Maria ao Santu\u00e1rio da Penha - 2019 Chamada - Aniversario da Legi\u00e3o de Maria 2019 1\u00ba F\u00f3rum da Juventude Legion\u00e1ria do Rio de Janeiro 1\u00ba\u2026","rel":"","context":"Post similar","block_context":{"text":"Post similar","link":""},"img":{"alt_text":"","src":"","width":0,"height":0},"classes":[]},{"id":43,"url":"https:\/\/legiaodemaria.org.br\/index.php\/__trashed-3__trashed\/","url_meta":{"origin":44,"position":1},"title":"Conselhos","author":"Alex Silva","date":"setembro 29, 2022","format":false,"excerpt":"A Legi\u00e3o de Maria cont\u00e9m uma organiza\u00e7\u00e3o hier\u00e1rquica para garantir a unidade da associa\u00e7\u00e3o em todo o mundo. Os conselhos s\u00e3o respons\u00e1veis por supervisionar os praesidia ou outros conselhos de maneira a cumprir o que \u00e9 preconizado no manual da Legi\u00e3o, para que todos tenham sempre o mesmo o direcionamento\u2026","rel":"","context":"Post similar","block_context":{"text":"Post similar","link":""},"img":{"alt_text":"","src":"https:\/\/i0.wp.com\/legiaodemaria.org.br\/wp-content\/uploads\/2022\/09\/92942b_c139b58c34834797bee267d1e60f66e1-1.webp?resize=350%2C200&ssl=1","width":350,"height":200,"srcset":"https:\/\/i0.wp.com\/legiaodemaria.org.br\/wp-content\/uploads\/2022\/09\/92942b_c139b58c34834797bee267d1e60f66e1-1.webp?resize=350%2C200&ssl=1 1x, https:\/\/i0.wp.com\/legiaodemaria.org.br\/wp-content\/uploads\/2022\/09\/92942b_c139b58c34834797bee267d1e60f66e1-1.webp?resize=525%2C300&ssl=1 1.5x"},"classes":[]},{"id":1355,"url":"https:\/\/legiaodemaria.org.br\/index.php\/quem-somos\/","url_meta":{"origin":44,"position":2},"title":"Legi\u00e3o de Maria","author":"Alex Silva","date":"novembro 12, 2022","format":false,"excerpt":"O Senatus Assumpta, do Rio de Janeiro, \u00e9 respons\u00e1vel pela Legi\u00e3o de Maria em uma vasta \u00e1rea do pa\u00eds, incluindo os estados do Rio de Janeiro, Esp\u00edrito Santo, Amazonas, Roraima, Acre e Rond\u00f4nia. Est\u00e3o filiadas a ele tr\u00eas Regiae: Immaculata (Vit\u00f3ria - ES), Deigenitrix (Niter\u00f3i - RJ) e Regina Apostolorum\u2026","rel":"","context":"Post similar","block_context":{"text":"Post similar","link":""},"img":{"alt_text":"","src":"","width":0,"height":0},"classes":[]},{"id":46,"url":"https:\/\/legiaodemaria.org.br\/index.php\/__trashed-6__trashed\/","url_meta":{"origin":44,"position":3},"title":"Artigos","author":"Alex Silva","date":"setembro 29, 2022","format":false,"excerpt":"ALLOCUTIO \"O estudo do Manual \u00e9 um meio excelente (para os\u00a0membros se familiarizarem completamente com as ideias nele), mas nunca poder\u00e1 substituir a Alocu\u00e7\u00e3o. Alguns legion\u00e1rios pensam ter estudado o Manual de modo satisfat\u00f3rio s\u00f3 porque o leram atentamente duas ou tr\u00eas vezes. Ora nem dez nem vinte leituras dar\u00e3o\u2026","rel":"","context":"Post similar","block_context":{"text":"Post similar","link":""},"img":{"alt_text":"","src":"","width":0,"height":0},"classes":[]},{"id":1644,"url":"https:\/\/legiaodemaria.org.br\/index.php\/__trashed-3__trashed\/senatus-assumpta-rj\/","url_meta":{"origin":44,"position":4},"title":"Senatus Assumpta RJ","author":"Alex Silva","date":"novembro 16, 2022","format":false,"excerpt":"O Senatus Assumpta, do Rio de Janeiro, \u00e9 respons\u00e1vel pela Legi\u00e3o de Maria em uma vasta \u00e1rea do pa\u00eds, incluindo os estados do Rio de Janeiro, Esp\u00edrito Santo, Amazonas, Roraima, Acre e Rond\u00f4nia. Est\u00e3o filiadas a ele tr\u00eas Regiae: Immaculata (Vit\u00f3ria - ES), Deigenitrix (Niter\u00f3i - RJ) e Regina Apostolorum\u2026","rel":"","context":"Post similar","block_context":{"text":"Post similar","link":""},"img":{"alt_text":"","src":"","width":0,"height":0},"classes":[]},{"id":224,"url":"https:\/\/legiaodemaria.org.br\/index.php\/historias-legionaria\/","url_meta":{"origin":44,"position":5},"title":"Hist\u00f3rias Legion\u00e1rias","author":"Alex Silva","date":"outubro 27, 2022","format":false,"excerpt":"A Legi\u00e3o no Brasil teve in\u00edcio no Rio de Janeiro, e uma das oficiais do Senatus RJ, Irm\u00e3 Yolanda, participou do primeiro praesidium! Ela tem muito a nos contar, e por isso criamos esse espa\u00e7o, com testemunhos da nossa vice-presidente. A Legi\u00e3o e as Pontes \u201cAvancem para \u00e1guas mais profundas\u201d\u2026","rel":"","context":"Post similar","block_context":{"text":"Post similar","link":""},"img":{"alt_text":"","src":"","width":0,"height":0},"classes":[]}],"jetpack_sharing_enabled":true,"jetpack_shortlink":"https:\/\/wp.me\/PehtMR-I","_links":{"self":[{"href":"https:\/\/legiaodemaria.org.br\/index.php\/wp-json\/wp\/v2\/pages\/44","targetHints":{"allow":["GET"]}}],"collection":[{"href":"https:\/\/legiaodemaria.org.br\/index.php\/wp-json\/wp\/v2\/pages"}],"about":[{"href":"https:\/\/legiaodemaria.org.br\/index.php\/wp-json\/wp\/v2\/types\/page"}],"author":[{"embeddable":true,"href":"https:\/\/legiaodemaria.org.br\/index.php\/wp-json\/wp\/v2\/users\/3"}],"replies":[{"embeddable":true,"href":"https:\/\/legiaodemaria.org.br\/index.php\/wp-json\/wp\/v2\/comments?post=44"}],"version-history":[{"count":11,"href":"https:\/\/legiaodemaria.org.br\/index.php\/wp-json\/wp\/v2\/pages\/44\/revisions"}],"predecessor-version":[{"id":1802,"href":"https:\/\/legiaodemaria.org.br\/index.php\/wp-json\/wp\/v2\/pages\/44\/revisions\/1802"}],"wp:attachment":[{"href":"https:\/\/legiaodemaria.org.br\/index.php\/wp-json\/wp\/v2\/media?parent=44"}],"curies":[{"name":"wp","href":"https:\/\/api.w.org\/{rel}","templated":true}]}}